the millions digit of 1858575?
1
What is the hundred thousands digit of 350531?
3
What is the units digit of 354322?
2
What is the hundreds digit of 11037269?
2
What is the hundred thousands digit of 1182833?
1
What is the hundred thousands digit of 1084378?
0
What is the thousands digit of 218989?
8
What is the tens digit of 30695300?
0
What is the thousands digit of 5278821?
8
What is the thousands digit of 2680782?
0
What is the tens digit of 1301230?
3
What is the thousands digit of 10646267?
6
What is the hundred thousands digit of 5867372?
8
What is the millions digit of 2268839?
2
What is the hundred thousands digit of 273014?
2
What is the hundreds digit of 324300?
3
What is the tens digit of 1490743?
4
What is the hundreds digit of 25083514?
5
What is the tens digit of 896485?
8
What is the hundred thousands digit of 135733?
1
What is the hundreds digit of 8313152?
1
What is the units digit of 2118063?
3
What is the hundreds digit of 143028?
0
What is the ten thousands digit of 866287?
6
What is the thousands digit of 29001?
9
What is the units digit of 570168?
8
What is the ten millions digit of 18860668?
1
What is the hundred thousands digit of 393378?
3
What is the ten thousands digit of 23794?
2
What is the thousands digit of 7826577?
6
What is the tens digit of 3545203?
0
What is the units digit of 487416?
6
What is the thousands digit of 9981103?
1
What is the thousands digit of 8900093?
0
What is the thousands digit of 190946?
0
What is the tens digit of 6312157?
5
What is the thousands digit of 10519973?
9
What is the ten thousands digit of 992222?
9
What is the ten thousands digit of 4106790?
0
What is the ten thousands digit of 6572496?
7
What is the hundred thousands digit of 584595?
5
What is the units digit of 385740?
0
What is the hundred thousands digit of 6596954?
5
What is the ten thousands digit of 624669?
2
What is the tens digit of 7119287?
8
What is the units digit of 9401476?
6
What is the tens digit of 12629906?
0
What is the tens digit of 206074?
7
What is the units digit of 77187?
7
What is the ten thousands digit of 1901578?
0
What is the thousands digit of 148719?
8
What is the hundred thousands digit of 4727301?
7
What is the units digit of 1505702?
2
What is the hundred thousands digit of 1778684?
7
What is the tens digit of 3397946?
4
What is the thousands digit of 1801425?
1
What is the hundred thousands digit of 1146420?
1
What is the thousands digit of 5147285?
7
What is the hundred thousands digit of 165304?
1
What is the hundred thousands digit of 237404?
2
What is the tens digit of 157942?
4
What is the hundreds digit of 392598?
5
What is the hundreds digit of 17917?
9
What is the thousands digit of 2209926?
9
What is the ten thousands digit of 51754?
5
What is the hundreds digit of 160708?
7
What is the ten thousands digit of 6835947?
3
What is the millions digit of 6342532?
6
What is the units digit of 304030?
0
What is the hundred thousands digit of 1196850?
1
What is the tens digit of 445153?
5
What is the units digit of 2334508?
8
What is the thousands digit of 10898058?
8
What is the ten thousands digit of 153744?
5
What is the hundreds digit of 74537?
5
What is the hundred thousands digit of 2129165?
1
What is the thousands digit of 1165299?
5
What is the hundreds digit of 420196?
1
What is the hundreds digit of 252918?
9
What is the hundred thousands digit of 247769?
2
What is the ten thousands digit of 13873222?
7
What is the ten thousands digit of 535942?
3
What is the units digit of 1262920?
0
What is the units digit of 134380?
0
What is the hundred thousands digit of 15667957?
6
What is the units digit of 5231189?
9
What is the thousands digit of 12531340?
1
What is the thousands digit of 367760?
7
What is the hundred thousands digit of 141079?
1
What is the ten thousands digit of 32859601?
5
What is the hundreds digit of 94523?
5
What is the tens digit of 447227?
2
What is the thousands digit of 1601453?
1
What is the hundreds digit of 1876?
8
What is the thousands digit of 508082?
8
What is the units digit of 535373?
3
What is the units digit of 465264?
4
What is the ten thousands digit of 890580?
9
What is the units digit of 9514819?
9
What is the hundred thousands digit of 7765713?
7
What is the thousands digit of 3412488?
2
What is the tens digit of 27944200?
0
What is the ten thousands digit of 286634?
8
What is the tens digit of 1149122?
2
What is the thousands digit of 52454?
2
What is the ten millions digit of 21516687?
2
What is the hundred thousands digit of 2414137?
4
What is the ten thousands digit of 522936?
2
What is the units digit of 134818?
8
What is the ten millions digit of 33547683?
3
What is the tens digit of 178593?
9
What is the ten thousands digit of 27887806?
8
What is the tens digit of 4765583?
8
What is the tens digit of 954455?
5
What is the units digit of 14004268?
8
What is the tens digit of 559840?
4
What is the hundred thousands digit of 416915?
4
What is the hundred thousands digit of 400755?
4
What is the tens digit of 26769?
6
What is the hundreds digit of 2958265?
2
What is the thousands digit of 21509?
1
What is the units digit of 1244476?
6
What is the units digit of 3229031?
1
What is the thousands digit of 5544769?
4
What is the hundred thousands digit of 2149291?
1
What is the ten thousands digit of 184702?
8
What is the thousands digit of 2663042?
3
What is the hundreds digit of 820062?
0
What is the ten millions digit of 18709907?
1
What is the units digit of 2242662?
2
What is the tens digit of 271916?
1
What is the millions digit of 9231316?
9
What is the hundreds digit of 574345?
3
What is the hundreds digit of 25313876?
8
What is the thousands digit of 2278?
2
What is the units digit of 10233954?
4
What is the units digit of 655435?
5
What is the tens digit of 907573?
7
What is the units digit of 839514?
4
What is the millions digit of 4246836?
4
What is the ten thousands digit of 145900?
4
What is the units digit of 364208?
8
What is the thousands digit of 6838346?
8
What is the thousands digit of 249512?
9
What is the ten thousands digit of 420894?
2
What is the hundred thousands digit of 638552?
6
What is the hundreds digit of 739799?
7
What is the units digit of 724917?
7
What is the thousands digit of 2485710?
5
What is the ten thousands digit of 10757419?
5
What is the thousands digit of 2406714?
6
What is the hundreds digit of 1642982?
9
What is the units digit of 2067261?
1
What is the hundreds digit of 38827?
8
What is the units digit of 979604?
4
What is the thousands digit of 97427?
7
What is the ten thousands digit of 345861?
4
What is the units digit of 990769?
9
What is the millions digit of 4602869?
4
What is the hundreds digit of 420558?
5
What is the hundred thousands digit of 943075?
9
What is the thousands digit of 17476878?
6
What is the hundreds digit of 9034895?
8
What is the hundreds digit of 2530217?
2
What is the hundred thousands digit of 123276?
1
What is the thousands digit of 34837?
4
What is the hundred thousands digit of 7173436?
1
What is the ten thousands digit of 142006?
4
What is the thousands digit of 52702?
2
What is the tens digit of 2142529?
2
What is the hundreds digit of 396423?
4
What is the millions digit of 6599779?
6
What is the hundreds digit of 125333?
3
What is the ten thousands digit of 952169?
5
What is the units digit of 228908?
8
What is the tens digit of 129509?
0
What is the thousands digit of 243733?
3
What is the hundred thousands digit of 288469?
2
What is the units digit of 1118507?
7
What is the hundreds digit of 2096289?
2
What is the hundreds digit of 28435?
4
What is the thousands digit of 1192312?
2
What is the hundred thousands digit of 2224265?
2
What is the hundreds digit of 4384545?
5
What is the ten thousands digit of 1813468?
1
What is the units digit of 146815?
5
What is the hundreds digit of 38928?
9
What is the units digit of 71428?
8
What is the tens digit of 484899?
9
What is the tens digit of 1786887?
8
What is the tens digit of 4287603?
0
What is the tens digit of 30462855?
5
What is the tens digit of 1535723?
2
What is the hundreds digit of 4186667?
6
What is the thousands digit of 25002630?
2
What is the hundred thousands digit of 370519?
3
What is the thousa